
Suppose 4 = -2*f + 104. Suppose -2*a + 7*a = f. What is the greatest common divisor of a and 110?
10
Let j = -59 - -136. What is the greatest common factor of 11 and j?
11
Let x be 2*1*(-1 - -3). Let p be (-24)/(-5)*(-10)/(-3). What is the greatest common divisor of p and x?
4
Suppose -5*f - 514 = -1734. Suppose -4*u + m + f = 0, u + 0*m + 2*m = 52. Calculate the highest common factor of 40 and u.
20
Suppose -4*p - 15 = -3. Let l(u) = -3*u + 29. Let m be l(9). Let a be (1 - p)*m/2. Calculate the highest common factor of 12 and a.
4
Let q(l) = -l**3 + 2*l**2 + 2*l + 1. Let v be q(-2). Let z be (7/(-4))/(1/4). Let x = v + z. What is the highest common divisor of 6 and x?
6
Let h = -33 - -62. Calculate the greatest common factor of 174 and h.
29
Suppose 3*l = 5*r + 4 + 14, r - 14 = -l. Suppose -5*v + 47 = j, 0*j - 2*j - 5*v = -69. Calculate the greatest common divisor of l and j.
11
Let h(p) = -p - 7. Let c be h(-10). Let b be 63 + -4 + 3/c. Suppose -b = 2*x - 7*x. Calculate the highest common divisor of 4 and x.
4
Let b(s) = -72*s - 6. Let h be b(-3). Suppose 0*y - h = -5*y. Let x = 112 - 49. Calculate the highest common divisor of x and y.
21
Let d(c) = c**3 + 2*c**2 - 5*c + 5. Suppose -4*j + 3 = 2*p - 25, -4*j = 4*p - 36. Let y be d(p). Let s = 0 + 9. What is the greatest common factor of y and s?
9
Suppose -5*f = -44 - 56. Let i be (-544)/(-18) + 8/(-36). Calculate the greatest common factor of f and i.
10
Let u be ((-1)/(2/(-6)))/(1/3). Let j be 6*((-33)/(-2) + 0). Calculate the highest common factor of j and u.
9
Let b(k) = k - 5. Let u be b(5). Suppose u = a - p - 176, -2*a - 3*p = -225 - 127. What is the highest common divisor of a and 16?
16
Suppose 8 = 2*c + l - 28, 40 = 3*c + 5*l. Let p be (2/3)/(c/2850). Let k = 1 - -18. Calculate the highest common divisor of k and p.
19
Suppose m = n + 1, n - 12 = -4*m - 3*n. What is the highest common divisor of 5 and m?
1
Let n be (-2)/4 + 183/6. Let z(w) = w**3 - 8*w**2 + 6*w + 17. Let s be z(7). What is the greatest common factor of n and s?
10
Suppose -20 = 8*q - 4*q. Let w = q + 7. Let c(o) = 4*o. Let m be c(w). What is the greatest common divisor of m and 8?
8
Let p(j) = -28*j + 3. Let c be p(-4). What is the greatest common divisor of 46 and c?
23
Let f(p) = -p + 2. Let v be f(-2). Let s be (-36)/(-8) + 1/(-2). Let a(d) = 3*d. Let g be a(s). What is the greatest common factor of g and v?
4
Let z = 24 + -13. Calculate the highest common factor of z and 55.
11
Suppose 3*h - 35 = 55. What is the highest common factor of 30 and h?
30
Let c = 8 - 11. Let j = -2 - c. Let h(v) = 5*v**2 + v. Let k be h(j). What is the highest common factor of 2 and k?
2
Let n be 373/(-7) + 4/14. Let r be (n - 1)*9/(-18). What is the greatest common factor of r and 9?
9
Let y = 15 - 5. Calculate the greatest common divisor of y and 4.
2
Let i(v) = 118*v - 5. Let n be i(2). Calculate the greatest common divisor of n and 21.
21
Suppose -t = o + 1, -3*o + 5*t = -2*o + 7. Let k be 1254/10 + o/5. Suppose -5*p + k = -0*p. What is the highest common factor of 10 and p?
5
Suppose 0 = -5*k + 1 + 29. What is the highest common factor of k and 24?
6
Let g = -6 - -11. Suppose -2*m + 4*s - 2 = 4, g*s = -3*m + 24. Suppose 17 = 4*f - 3*i, 3*f - m*i = -i + 12. What is the highest common divisor of f and 4?
2
Let g = 23 - 49. Suppose -q + 7 + 25 = -4*v, -3*q + v + 140 = 0. Let x = g + q. What is the greatest common divisor of x and 242?
22
Suppose 0 = 8*f - 11*f + 30. Calculate the greatest common divisor of f and 230.
10
Suppose 4*r = 3*o - 3 - 41, -34 = -2*o + 5*r. Let v be -1 + 260/2 + 3. What is the highest common factor of v and o?
12
Let u(s) = s + 2. Let f be u(-2). Suppose q - 9 = -f*q. Calculate the highest common factor of 45 and q.
9
Let z = 10 + -4. Suppose -2*c + 0*c + 8 = 0. Suppose c*u - z*u = -18. Calculate the highest common factor of u and 18.
9
Let w = 138 + -66. Calculate the greatest common divisor of w and 8.
8
Let d(j) = j**2 + j + 1. Let o be d(-4). What is the greatest common divisor of 52 and o?
13
Suppose -110 + 40 = -2*o. Suppose 0 = -4*u - 3*v + 20, -3*u - 2*u + 22 = 3*v. Suppose 3*i = u*i + o. Calculate the highest common divisor of 7 and i.
7
Let l(q) = 9*q**2 - q + 7. Let a be l(-3). What is the highest common divisor of a and 13?
13
Let y be 10/((-51)/57 + 1). Let u = y - 25. What is the highest common factor of 28 and u?
14
Let z(h) = h**3 + 7*h**2 + 6*h - 2. Let i be z(-3). Calculate the greatest common factor of 24 and i.
8
Suppose -15*u + 120 = -10*u. Calculate the highest common divisor of u and 8.
8
Suppose -3*x + 4*c = -2*x - 91, -3*x + 281 = -4*c. What is the highest common divisor of 19 and x?
19
Let n(t) = -2*t**2 + 12*t - 7. Let d be n(8). Let j = d + 59. What is the greatest common divisor of j and 20?
20
Let g = 68 + 51. What is the greatest common factor of g and 17?
17
Suppose 650 = -5*z + 1695. Let t(c) = c**3 + 3*c**2 - 4*c + 7. Let q be t(2). Calculate the highest common divisor of z and q.
19
Suppose 4*y - 1 - 11 = 2*z, -3*z + 3*y - 6 = 0. Suppose 0 = z*i - 6*i + 8. Suppose i = 2*q - 0. Calculate the highest common divisor of 4 and q.
1
Let l = -8 + 13. Suppose 2 + 13 = l*n. Suppose -301 - 155 = -n*u. What is the highest common divisor of 19 and u?
19
Suppose 4*z = -24 + 4. Let a(r) = r**2 + 2*r - 6. Let f be a(z). Calculate the highest common divisor of 36 and f.
9
Let v be (2 - -2) + (-1 - -2). Suppose 70 = v*k - 0*k. What is the greatest common divisor of k and 35?
7
Let y(h) = 3*h**2 + 1. Let n be y(-1). Suppose -4*d + 56 = -2*c, 0 = -n*d + 3*d + 4*c. Calculate the greatest common factor of 4 and d.
4
Suppose -25 = -5*n - 5. Let z = n + 3. Calculate the highest common divisor of 1 and z.
1
Let i(p) = p**2 - 10*p + 10. Let k(o) = -8*o**3 + o. Let t be k(-1). Let x be i(t). Let s be 1/((3/x)/(-3)). What is the highest common divisor of 22 and s?
11
Let a be (54/45)/(2/(-60)). Suppose 2*m + 3 = -5. Let h = m - a. What is the greatest common factor of 8 and h?
8
Let h(s) = 110*s**2 + s - 1. Let k be h(1). Calculate the highest common factor of 10 and k.
10
Let d = -5 - -8. Suppose 0 = l + 4*l - d*c - 604, -342 = -3*l - 5*c. Let r be (9/((-72)/136))/(0 - 1). Calculate the highest common divisor of r and l.
17
Let p = -14 - 4. Let y be (-88)/9 + 4/p. Let z be (-40)/4*(y + 2). Calculate the greatest common factor of z and 10.
10
Suppose -4*c = 4*a - 40, 3*a + 4*c - 44 = -11. Let x = 3 + a. What is the highest common divisor of 60 and x?
10
Suppose 0 = -5*r + 17 + 58. Let p be 9/2*(-28)/(-21). What is the highest common factor of r and p?
3
Suppose -l + 16 = l. Suppose 2*v + 3*u - 21 = 0, -1 = 2*v - 5*u + 2. Let w = v - -14. Calculate the highest common divisor of w and l.
4
Let b(d) = 12*d - 1. Let n be b(1). Suppose 176 = -v + 3*v. What is the highest common divisor of n and v?
11
Let l(i) = 3*i**3 - 16*i**2 - 3*i + 15. Let h be l(6). Calculate the greatest common divisor of 23 and h.
23
Suppose -20*g = -13*g - 2744. What is the highest common divisor of 49 and g?
49
Let m be (-4)/(-6)*18/12. Let w be 20 + 1 + (m - 3). Calculate the highest common divisor of 95 and w.
19
Suppose -26 = 2*s - 62. Calculate the highest common factor of 2 and s.
2
Let w(x) = -x - 6. Let h be w(-5). Let q(k) = 2*k**2 + k. Let f be q(h). Calculate the highest common divisor of f and 5.
1
Suppose -2*w = -4*q - 124, 4*q = -2*w + 3*w - 68. What is the highest common divisor of w and 8?
8
Let i = -15 + 17. Suppose -i*z - z + 72 = 0. What is the highest common factor of z and 168?
24
Let b be (-14)/5 + (-2)/10. Let l be ((-2)/b)/((-14)/(-231)). Suppose -9*s = -14*s + 55. Calculate the highest common factor of s and l.
11
Let j = -15 - -36. Let f be (-473)/(-33) - (-1)/(-3). What is the greatest common divisor of f and j?
7
Let a = -2 - -8. Suppose w - 4*w = -a. Suppose w*i = 2*h - 4 + 6, 2*i - 37 = -5*h. Calculate the highest common divisor of 1 and i.
1
Suppose 0 = c + 5*j - 10, 2*j - 78 = -5*c + 5*j. What is the highest common divisor of c and 120?
15
Let g be (4 - (3 - 5))*1. What is the highest common divisor of g and 15?
3
Let f = 10 + -10. Let u(k) = k**2 + 5. Let g be u(f). Suppose 2*p + p = 60. What is the greatest common factor of p and g?
5
Let a = -19 - -25. Calculate the highest common divisor 